he remainder when 2881 is divided by 408?
25
What is the remainder when 58973 is divided by 2259?
239
What is the remainder when 408798 is divided by 132?
126
What is the remainder when 75084 is divided by 68?
12
What is the remainder when 1832 is divided by 47?
46
What is the remainder when 6425 is divided by 968?
617
What is the remainder when 765743 is divided by 43?
42
What is the remainder when 3626 is divided by 31?
30
Calculate the remainder when 194717 is divided by 6.
5
Calculate the remainder when 185974 is divided by 100.
74
What is the remainder when 1721 is divided by 414?
65
What is the remainder when 129124 is divided by 25819?
29
Calculate the remainder when 2995 is divided by 51.
37
What is the remainder when 151702 is divided by 194?
188
What is the remainder when 81495 is divided by 33?
18
What is the remainder when 1143 is divided by 432?
279
Calculate the remainder when 30711 is divided by 4295.
646
Calculate the remainder when 58304 is divided by 86.
82
Calculate the remainder when 1336868 is divided by 43.
41
Calculate the remainder when 8982832 is divided by 69.
67
What is the remainder when 5907 is divided by 2924?
59
What is the remainder when 647465 is divided by 59?
58
Calculate the remainder when 133367 is divided by 629.
19
Calculate the remainder when 126982 is divided by 31743.
10
Calculate the remainder when 51582 is divided by 52.
50
What is the remainder when 6832 is divided by 2271?
19
Calculate the remainder when 353760 is divided by 207.
204
Calculate the remainder when 93285 is divided by 124.
37
What is the remainder when 15947 is divided by 389?
387
What is the remainder when 79363 is divided by 26447?
22
Calculate the remainder when 14015 is divided by 7003.
9
What is the remainder when 4582 is divided by 130?
32
Calculate the remainder when 1635 is divided by 40.
35
Calculate the remainder when 1492 is divided by 162.
34
What is the remainder when 7150 is divided by 286?
0
What is the remainder when 1900 is divided by 422?
212
Calculate the remainder when 16691 is divided by 261.
248
Calculate the remainder when 9321 is divided by 373.
369
Calculate the remainder when 179893 is divided by 44972.
5
What is the remainder when 30720 is divided by 853?
12
What is the remainder when 5470 is divided by 12?
10
What is the remainder when 20199 is divided by 1268?
1179
What is the remainder when 21544 is divided by 513?
511
What is the remainder when 612785 is divided by 209?
206
Calculate the remainder when 3259 is divided by 364.
347
What is the remainder when 23490 is divided by 28?
26
Calculate the remainder when 26467 is divided by 1764.
7
What is the remainder when 38636 is divided by 310?
196
What is the remainder when 77847 is divided by 466?
25
What is the remainder when 26473 is divided by 2635?
123
Calculate the remainder when 2609 is divided by 288.
17
Calculate the remainder when 3419545 is divided by 11.
8
Calculate the remainder when 2780 is divided by 49.
36
Calculate the remainder when 887669 is divided by 3388.
13
Calculate the remainder when 137972 is divided by 68971.
30
What is the remainder when 255117 is divided by 106?
81
Calculate the remainder when 10412 is divided by 358.
30
Calculate the remainder when 1334 is divided by 706.
628
Calculate the remainder when 138520 is divided by 111.
103
What is the remainder when 4891 is divided by 76?
27
What is the remainder when 10846 is divided by 28?
10
Calculate the remainder when 86397 is divided by 675.
672
What is the remainder when 82246 is divided by 5139?
22
Calculate the remainder when 104933 is divided by 1206.
11
Calculate the remainder when 23037 is divided by 1599.
651
What is the remainder when 5514 is divided by 1102?
4
Calculate the remainder when 321025 is divided by 4.
1
What is the remainder when 4368 is divided by 42?
0
What is the remainder when 1138 is divided by 585?
553
What is the remainder when 9261 is divided by 9252?
9
What is the remainder when 493424 is divided by 133?
127
What is the remainder when 1318 is divided by 23?
7
What is the remainder when 36820 is divided by 4090?
10
What is the remainder when 407973 is divided by 178?
175
Calculate the remainder when 40564 is divided by 13519.
7
Calculate the remainder when 2040 is divided by 230.
200
Calculate the remainder when 16262 is divided by 43.
8
What is the remainder when 14408 is divided by 960?
8
Calculate the remainder when 38278 is divided by 165.
163
Calculate the remainder when 33338 is divided by 301.
228
What is the remainder when 102313 is divided by 25572?
25
Calculate the remainder when 479103 is divided by 159699.
6
What is the remainder when 48310 is divided by 65?
15
Calculate the remainder when 99 is divided by 35.
29
What is the remainder when 47256 is divided by 1005?
21
What is the remainder when 6969 is divided by 6702?
267
What is the remainder when 3085 is divided by 1327?
431
What is the remainder when 15127 is divided by 13?
8
Calculate the remainder when 20707 is divided by 31.
30
Calculate the remainder when 752630 is divided by 79.
76
What is the remainder when 1133652 is divided by 71?
66
What is the remainder when 495662 is divided by 1169?
6
What is the remainder when 82277 is divided by 41132?
13
What is the remainder when 19380 is divided by 10?
0
What is the remainder when 39735 is divided by 253?
14
Calculate the remainder when 6868 is divided by 3429.
10
What is the remainder when 72836 is divided by 18205?
16
Calculate the remainder when 1910 is divided by 374.
40
Calculate the remainder when 11093 is divided by 7.
5
What is the remainder when 19236 is divided by 969?
825
What is the remainder when 4126 is divided by 49?
10
Calculate the remainder when 27604 is divided by 13800.
4
What is the remainder when 6690 is divided by 291?
288
What is the remainder when 62587 is divided by 263?
256
Calculate the remainder when 357940 is divided by 178967.
6
Calculate the remainder when 7746 is divided by 3754.
238
Calculate the remainder when 6757 is divided by 49.
44
What is the remainder when 4392 is divided by 191?
190
What is the remainder when 122454 is divided by 1889?
1558
Calculate the remainder when 3866 is divided by 386.
6
Calculate the remainder when 596 is divided by 43.
37
What is the remainder when 160127 is divided by 101?
42
What is the remainder when 404327 is divided by 965?
957
What is the remainder when 564343 is divided by 9?
7
What is the remainder when 92049 is divided by 47?
23
Calculate the remainder when 9318 is divided by 164.
134
What is the remainder when 963 is divided by 685?
278
What is the remainder when 8197 is divided by 316?
297
Calculate the remainder when 11890 is divided by 3.
1
What is the remainder when 264895 is divided by 25?
20
Calculate the remainder when 632723 is divided by 139.
134
Calculate the remainder when 73143 is divided by 1831.
1734
Calculate the remainder when 101141 is divided by 47.
44
Calculate the remainder when 15543 is divided by 1281.
171
What is the remainder when 1186 is divided by 724?
462
Calculate the remainder when 2292 is divided by 2265.
27
Calculate the remainder when 11052 is divided by 260.
132
What is the remainder when 6787 is divided by 81?
64
What is the remainder when 120572 is divided by 701?
0
What is the remainder when 5585 is divided by 62?
5
Calculate the remainder when 23368 is divided by 2119.
59
What is the remainder when 3269807 is divided by 158?
155
What is the remainder when 937 is divided by 905?
32
What is the remainder when 60253 is divided by 103?
101
What is the remainder when 63910 is divided by 31951?
8
What is the remainder when 459984 is divided by 160?
144
What is the remainder when 12401661 is divided by 734?
731
What is the remainder when 28555 is divided by 80?
75
Calculate the remainder when 23143 is divided by 1234.
931
What is the remainder when 408 is divided by 324?
84
What is the remainder when 88565 is divided by 1042?
1037
Calculate the remainder when 39652 is divided by 146.
86
What is the remainder when 8612 is divided by 61?
11
Calculate the remainder when 16878 is divided by 183.
42
Calculate the remainder when 28457 is divided by 581.
569
Calculate the remainder when 191868 is divided by 11.
6
What is the remain